{"id":932,"date":"2026-03-07T23:35:34","date_gmt":"2026-03-07T23:35:34","guid":{"rendered":"https:\/\/guissette.com\/?post_type=product&#038;p=932"},"modified":"2026-03-08T11:54:18","modified_gmt":"2026-03-08T11:54:18","slug":"mary-may-niacinamide-vitamin-c-brightening-mask","status":"publish","type":"product","link":"https:\/\/guissette.com\/?product=mary-may-niacinamide-vitamin-c-brightening-mask","title":{"rendered":"Mary &#038; May \u2013 Niacinamide Vitamin C Brightening Mask"},"content":{"rendered":"<p><!--StartFragment --><\/p>\n<p><!--StartFragment --><\/p>\n<p>Le <strong>Niacinamide Vitamin C Brightening Mask<\/strong> de Mary &amp; May est un soin intensif con\u00e7u pour illuminer le teint et corriger les irr\u00e9gularit\u00e9s cutan\u00e9es. Sa formule associe deux actifs puissants pour des r\u00e9sultats visibles :<\/p>\n<ul>\n<li><strong>Niacinamide (2%)<\/strong> : affine le grain de peau, r\u00e9duit les imperfections et am\u00e9liore l\u2019uniformit\u00e9 du teint.<\/li>\n<li><strong>Vitamine C (1 000 ppm)<\/strong> : puissant antioxydant qui aide \u00e0 att\u00e9nuer les taches pigmentaires et redonne \u00e9clat \u00e0 la peau.<\/li>\n<\/ul>\n<p>Ce masque en tissu, \u00e0 utiliser au quotidien, hydrate en profondeur et laisse la peau plus lumineuse, fra\u00eeche et homog\u00e8ne. Id\u00e9al pour celles et ceux qui recherchent un soin pratique et efficace pour raviver l\u2019\u00e9clat naturel de leur peau.<\/p>\n<p>&nbsp;<\/p>\n<p><!--EndFragment --><\/p>\n<p><!--EndFragment --><\/p>\n","protected":false},"excerpt":{"rendered":"<p><!--StartFragment --><\/p>\n<p>Masque en tissu quotidien, anti-taches et \u00e9clat, enrichi en niacinamide et vitamine C.<\/p>\n<p><!--EndFragment --><\/p>\n","protected":false},"featured_media":933,"comment_status":"open","ping_status":"closed","template":"","meta":[],"product_brand":[50],"product_cat":[38],"product_tag":[],"class_list":{"0":"post-932","1":"product","2":"type-product","3":"status-publish","4":"has-post-thumbnail","6":"product_brand-mary-and-may","7":"product_cat-les-produits-cooreens","9":"first","10":"instock","11":"shipping-taxable","12":"purchasable","13":"product-type-simple"},"yoast_head":"<!-- This site is optimized with the Yoast SEO plugin v27.1.1 - https:\/\/yoast.com\/product\/yoast-seo-wordpress\/ -->\n<title>Mary &amp; May \u2013 Niacinamide Vitamin C Brightening Mask - Cosmetics Shop<\/title>\n<meta name=\"robots\" content=\"index, follow, max-snippet:-1, max-image-preview:large, max-video-preview:-1\" \/>\n<link rel=\"canonical\" href=\"https:\/\/guissette.com\/?product=mary-may-niacinamide-vitamin-c-brightening-mask\" \/>\n<meta property=\"og:locale\" content=\"fr_FR\" \/>\n<meta property=\"og:type\" content=\"article\" \/>\n<meta property=\"og:title\" content=\"Mary &amp; May \u2013 Niacinamide Vitamin C Brightening Mask - Cosmetics Shop\" \/>\n<meta property=\"og:description\" content=\"Masque en tissu quotidien, anti-taches et \u00e9clat, enrichi en niacinamide et vitamine C.\" \/>\n<meta property=\"og:url\" content=\"https:\/\/guissette.com\/?product=mary-may-niacinamide-vitamin-c-brightening-mask\" \/>\n<meta property=\"og:site_name\" content=\"Cosmetics Shop\" \/>\n<meta property=\"article:modified_time\" content=\"2026-03-08T11:54:18+00:00\" \/>\n<meta property=\"og:image\" content=\"https:\/\/guissette.com\/wp-content\/uploads\/2026\/03\/niacinamide.jpeg\" \/>\n\t<meta property=\"og:image:width\" content=\"1000\" \/>\n\t<meta property=\"og:image:height\" content=\"1000\" \/>\n\t<meta property=\"og:image:type\" content=\"image\/jpeg\" \/>\n<meta name=\"twitter:card\" content=\"summary_large_image\" \/>\n<meta name=\"twitter:label1\" content=\"Dur\u00e9e de lecture estim\u00e9e\" \/>\n\t<meta name=\"twitter:data1\" content=\"1 minute\" \/>\n<script type=\"application\/ld+json\" class=\"yoast-schema-graph\">{\"@context\":\"https:\/\/schema.org\",\"@graph\":[{\"@type\":\"WebPage\",\"@id\":\"https:\/\/guissette.com\/?product=mary-may-niacinamide-vitamin-c-brightening-mask\",\"url\":\"https:\/\/guissette.com\/?product=mary-may-niacinamide-vitamin-c-brightening-mask\",\"name\":\"Mary & May \u2013 Niacinamide Vitamin C Brightening Mask - Cosmetics Shop\",\"isPartOf\":{\"@id\":\"https:\/\/guissette.com\/#website\"},\"primaryImageOfPage\":{\"@id\":\"https:\/\/guissette.com\/?product=mary-may-niacinamide-vitamin-c-brightening-mask#primaryimage\"},\"image\":{\"@id\":\"https:\/\/guissette.com\/?product=mary-may-niacinamide-vitamin-c-brightening-mask#primaryimage\"},\"thumbnailUrl\":\"https:\/\/guissette.com\/wp-content\/uploads\/2026\/03\/niacinamide.jpeg\",\"datePublished\":\"2026-03-07T23:35:34+00:00\",\"dateModified\":\"2026-03-08T11:54:18+00:00\",\"breadcrumb\":{\"@id\":\"https:\/\/guissette.com\/?product=mary-may-niacinamide-vitamin-c-brightening-mask#breadcrumb\"},\"inLanguage\":\"fr-FR\",\"potentialAction\":[{\"@type\":\"ReadAction\",\"target\":[\"https:\/\/guissette.com\/?product=mary-may-niacinamide-vitamin-c-brightening-mask\"]}]},{\"@type\":\"ImageObject\",\"inLanguage\":\"fr-FR\",\"@id\":\"https:\/\/guissette.com\/?product=mary-may-niacinamide-vitamin-c-brightening-mask#primaryimage\",\"url\":\"https:\/\/guissette.com\/wp-content\/uploads\/2026\/03\/niacinamide.jpeg\",\"contentUrl\":\"https:\/\/guissette.com\/wp-content\/uploads\/2026\/03\/niacinamide.jpeg\",\"width\":1000,\"height\":1000},{\"@type\":\"BreadcrumbList\",\"@id\":\"https:\/\/guissette.com\/?product=mary-may-niacinamide-vitamin-c-brightening-mask#breadcrumb\",\"itemListElement\":[{\"@type\":\"ListItem\",\"position\":1,\"name\":\"Accueil\",\"item\":\"https:\/\/guissette.com\/\"},{\"@type\":\"ListItem\",\"position\":2,\"name\":\"Boutique\",\"item\":\"https:\/\/guissette.com\/?page_id=10\"},{\"@type\":\"ListItem\",\"position\":3,\"name\":\"Mary &#038; May \u2013 Niacinamide Vitamin C Brightening Mask\"}]},{\"@type\":\"WebSite\",\"@id\":\"https:\/\/guissette.com\/#website\",\"url\":\"https:\/\/guissette.com\/\",\"name\":\"Sarakule\",\"description\":\"\",\"publisher\":{\"@id\":\"https:\/\/guissette.com\/#organization\"},\"potentialAction\":[{\"@type\":\"SearchAction\",\"target\":{\"@type\":\"EntryPoint\",\"urlTemplate\":\"https:\/\/guissette.com\/?s={search_term_string}\"},\"query-input\":{\"@type\":\"PropertyValueSpecification\",\"valueRequired\":true,\"valueName\":\"search_term_string\"}}],\"inLanguage\":\"fr-FR\"},{\"@type\":\"Organization\",\"@id\":\"https:\/\/guissette.com\/#organization\",\"name\":\"Cosmetics Shop\",\"url\":\"https:\/\/guissette.com\/\",\"logo\":{\"@type\":\"ImageObject\",\"inLanguage\":\"fr-FR\",\"@id\":\"https:\/\/guissette.com\/#\/schema\/logo\/image\/\",\"url\":\"https:\/\/guissette.com\/wp-content\/uploads\/2025\/12\/logo-guissette.jpeg\",\"contentUrl\":\"https:\/\/guissette.com\/wp-content\/uploads\/2025\/12\/logo-guissette.jpeg\",\"width\":810,\"height\":1080,\"caption\":\"Cosmetics Shop\"},\"image\":{\"@id\":\"https:\/\/guissette.com\/#\/schema\/logo\/image\/\"},\"sameAs\":[\"https:\/\/www.instagram.com\/sarakule?igsh=MTM4OG10NmJ1bzh6ag&utm_source=qr\",\"https:\/\/www.tiktok.com\/@sarakule1\"]}]}<\/script>\n<!-- \/ Yoast SEO plugin. -->","yoast_head_json":{"title":"Mary & May \u2013 Niacinamide Vitamin C Brightening Mask - Cosmetics Shop","robots":{"index":"index","follow":"follow","max-snippet":"max-snippet:-1","max-image-preview":"max-image-preview:large","max-video-preview":"max-video-preview:-1"},"canonical":"https:\/\/guissette.com\/?product=mary-may-niacinamide-vitamin-c-brightening-mask","og_locale":"fr_FR","og_type":"article","og_title":"Mary & May \u2013 Niacinamide Vitamin C Brightening Mask - Cosmetics Shop","og_description":"Masque en tissu quotidien, anti-taches et \u00e9clat, enrichi en niacinamide et vitamine C.","og_url":"https:\/\/guissette.com\/?product=mary-may-niacinamide-vitamin-c-brightening-mask","og_site_name":"Cosmetics Shop","article_modified_time":"2026-03-08T11:54:18+00:00","og_image":[{"width":1000,"height":1000,"url":"https:\/\/guissette.com\/wp-content\/uploads\/2026\/03\/niacinamide.jpeg","type":"image\/jpeg"}],"twitter_card":"summary_large_image","twitter_misc":{"Dur\u00e9e de lecture estim\u00e9e":"1 minute"},"schema":{"@context":"https:\/\/schema.org","@graph":[{"@type":"WebPage","@id":"https:\/\/guissette.com\/?product=mary-may-niacinamide-vitamin-c-brightening-mask","url":"https:\/\/guissette.com\/?product=mary-may-niacinamide-vitamin-c-brightening-mask","name":"Mary & May \u2013 Niacinamide Vitamin C Brightening Mask - Cosmetics Shop","isPartOf":{"@id":"https:\/\/guissette.com\/#website"},"primaryImageOfPage":{"@id":"https:\/\/guissette.com\/?product=mary-may-niacinamide-vitamin-c-brightening-mask#primaryimage"},"image":{"@id":"https:\/\/guissette.com\/?product=mary-may-niacinamide-vitamin-c-brightening-mask#primaryimage"},"thumbnailUrl":"https:\/\/guissette.com\/wp-content\/uploads\/2026\/03\/niacinamide.jpeg","datePublished":"2026-03-07T23:35:34+00:00","dateModified":"2026-03-08T11:54:18+00:00","breadcrumb":{"@id":"https:\/\/guissette.com\/?product=mary-may-niacinamide-vitamin-c-brightening-mask#breadcrumb"},"inLanguage":"fr-FR","potentialAction":[{"@type":"ReadAction","target":["https:\/\/guissette.com\/?product=mary-may-niacinamide-vitamin-c-brightening-mask"]}]},{"@type":"ImageObject","inLanguage":"fr-FR","@id":"https:\/\/guissette.com\/?product=mary-may-niacinamide-vitamin-c-brightening-mask#primaryimage","url":"https:\/\/guissette.com\/wp-content\/uploads\/2026\/03\/niacinamide.jpeg","contentUrl":"https:\/\/guissette.com\/wp-content\/uploads\/2026\/03\/niacinamide.jpeg","width":1000,"height":1000},{"@type":"BreadcrumbList","@id":"https:\/\/guissette.com\/?product=mary-may-niacinamide-vitamin-c-brightening-mask#breadcrumb","itemListElement":[{"@type":"ListItem","position":1,"name":"Accueil","item":"https:\/\/guissette.com\/"},{"@type":"ListItem","position":2,"name":"Boutique","item":"https:\/\/guissette.com\/?page_id=10"},{"@type":"ListItem","position":3,"name":"Mary &#038; May \u2013 Niacinamide Vitamin C Brightening Mask"}]},{"@type":"WebSite","@id":"https:\/\/guissette.com\/#website","url":"https:\/\/guissette.com\/","name":"Sarakule","description":"","publisher":{"@id":"https:\/\/guissette.com\/#organization"},"potentialAction":[{"@type":"SearchAction","target":{"@type":"EntryPoint","urlTemplate":"https:\/\/guissette.com\/?s={search_term_string}"},"query-input":{"@type":"PropertyValueSpecification","valueRequired":true,"valueName":"search_term_string"}}],"inLanguage":"fr-FR"},{"@type":"Organization","@id":"https:\/\/guissette.com\/#organization","name":"Cosmetics Shop","url":"https:\/\/guissette.com\/","logo":{"@type":"ImageObject","inLanguage":"fr-FR","@id":"https:\/\/guissette.com\/#\/schema\/logo\/image\/","url":"https:\/\/guissette.com\/wp-content\/uploads\/2025\/12\/logo-guissette.jpeg","contentUrl":"https:\/\/guissette.com\/wp-content\/uploads\/2025\/12\/logo-guissette.jpeg","width":810,"height":1080,"caption":"Cosmetics Shop"},"image":{"@id":"https:\/\/guissette.com\/#\/schema\/logo\/image\/"},"sameAs":["https:\/\/www.instagram.com\/sarakule?igsh=MTM4OG10NmJ1bzh6ag&utm_source=qr","https:\/\/www.tiktok.com\/@sarakule1"]}]}},"_links":{"self":[{"href":"https:\/\/guissette.com\/index.php?rest_route=\/wp\/v2\/product\/932","targetHints":{"allow":["GET"]}}],"collection":[{"href":"https:\/\/guissette.com\/index.php?rest_route=\/wp\/v2\/product"}],"about":[{"href":"https:\/\/guissette.com\/index.php?rest_route=\/wp\/v2\/types\/product"}],"replies":[{"embeddable":true,"href":"https:\/\/guissette.com\/index.php?rest_route=%2Fwp%2Fv2%2Fcomments&post=932"}],"wp:featuredmedia":[{"embeddable":true,"href":"https:\/\/guissette.com\/index.php?rest_route=\/wp\/v2\/media\/933"}],"wp:attachment":[{"href":"https:\/\/guissette.com\/index.php?rest_route=%2Fwp%2Fv2%2Fmedia&parent=932"}],"wp:term":[{"taxonomy":"product_brand","embeddable":true,"href":"https:\/\/guissette.com\/index.php?rest_route=%2Fwp%2Fv2%2Fproduct_brand&post=932"},{"taxonomy":"product_cat","embeddable":true,"href":"https:\/\/guissette.com\/index.php?rest_route=%2Fwp%2Fv2%2Fproduct_cat&post=932"},{"taxonomy":"product_tag","embeddable":true,"href":"https:\/\/guissette.com\/index.php?rest_route=%2Fwp%2Fv2%2Fproduct_tag&post=932"}],"curies":[{"name":"wp","href":"https:\/\/api.w.org\/{rel}","templated":true}]}}

<p><!--StartFragment --></p>
<p><!--StartFragment --></p>
<p>Le <strong>Niacinamide Vitamin C Brightening Mask</strong> de Mary &amp; May est un soin intensif conçu pour illuminer le teint et corriger les irrégularités cutanées. Sa formule associe deux actifs puissants pour des résultats visibles :</p>
<ul>
<li><strong>Niacinamide (2%)</strong> : affine le grain de peau, réduit les imperfections et améliore l’uniformité du teint.</li>
<li><strong>Vitamine C (1 000 ppm)</strong> : puissant antioxydant qui aide à atténuer les taches pigmentaires et redonne éclat à la peau.</li>
</ul>
<p>Ce masque en tissu, à utiliser au quotidien, hydrate en profondeur et laisse la peau plus lumineuse, fraîche et homogène. Idéal pour celles et ceux qui recherchent un soin pratique et efficace pour raviver l’éclat naturel de leur peau.</p>
<p>&nbsp;</p>
<p><!--EndFragment --></p>
<p><!--EndFragment --></p>

<p><!--StartFragment --></p>
<p>Masque en tissu quotidien, anti-taches et éclat, enrichi en niacinamide et vitamine C.</p>
<p><!--EndFragment --></p>

<!-- This site is optimized with the Yoast SEO plugin v27.1.1 - https://yoast.com/product/yoast-seo-wordpress/ -->
<title>Mary &amp; May – Niacinamide Vitamin C Brightening Mask - Cosmetics Shop</title>
<meta name="robots" content="index, follow, max-snippet:-1, max-image-preview:large, max-video-preview:-1" />
<link rel="canonical" href="https://guissette.com/?product=mary-may-niacinamide-vitamin-c-brightening-mask" />
<meta property="og:locale" content="fr_FR" />
<meta property="og:type" content="article" />
<meta property="og:title" content="Mary &amp; May – Niacinamide Vitamin C Brightening Mask - Cosmetics Shop" />
<meta property="og:description" content="Masque en tissu quotidien, anti-taches et éclat, enrichi en niacinamide et vitamine C." />
<meta property="og:url" content="https://guissette.com/?product=mary-may-niacinamide-vitamin-c-brightening-mask" />
<meta property="og:site_name" content="Cosmetics Shop" />
<meta property="article:modified_time" content="2026-03-08T11:54:18+00:00" />
<meta property="og:image" content="https://guissette.com/wp-content/uploads/2026/03/niacinamide.jpeg" />
	<meta property="og:image:width" content="1000" />
	<meta property="og:image:height" content="1000" />
	<meta property="og:image:type" content="image/jpeg" />
<meta name="twitter:card" content="summary_large_image" />
<meta name="twitter:label1" content="Durée de lecture estimée" />
	<meta name="twitter:data1" content="1 minute" />
<script type="application/ld+json" class="yoast-schema-graph">{"@context":"https://schema.org","@graph":[{"@type":"WebPage","@id":"https://guissette.com/?product=mary-may-niacinamide-vitamin-c-brightening-mask","url":"https://guissette.com/?product=mary-may-niacinamide-vitamin-c-brightening-mask","name":"Mary & May – Niacinamide Vitamin C Brightening Mask - Cosmetics Shop","isPartOf":{"@id":"https://guissette.com/#website"},"primaryImageOfPage":{"@id":"https://guissette.com/?product=mary-may-niacinamide-vitamin-c-brightening-mask#primaryimage"},"image":{"@id":"https://guissette.com/?product=mary-may-niacinamide-vitamin-c-brightening-mask#primaryimage"},"thumbnailUrl":"https://guissette.com/wp-content/uploads/2026/03/niacinamide.jpeg","datePublished":"2026-03-07T23:35:34+00:00","dateModified":"2026-03-08T11:54:18+00:00","breadcrumb":{"@id":"https://guissette.com/?product=mary-may-niacinamide-vitamin-c-brightening-mask#breadcrumb"},"inLanguage":"fr-FR","potentialAction":[{"@type":"ReadAction","target":["https://guissette.com/?product=mary-may-niacinamide-vitamin-c-brightening-mask"]}]},{"@type":"ImageObject","inLanguage":"fr-FR","@id":"https://guissette.com/?product=mary-may-niacinamide-vitamin-c-brightening-mask#primaryimage","url":"https://guissette.com/wp-content/uploads/2026/03/niacinamide.jpeg","contentUrl":"https://guissette.com/wp-content/uploads/2026/03/niacinamide.jpeg","width":1000,"height":1000},{"@type":"BreadcrumbList","@id":"https://guissette.com/?product=mary-may-niacinamide-vitamin-c-brightening-mask#breadcrumb","itemListElement":[{"@type":"ListItem","position":1,"name":"Accueil","item":"https://guissette.com/"},{"@type":"ListItem","position":2,"name":"Boutique","item":"https://guissette.com/?page_id=10"},{"@type":"ListItem","position":3,"name":"Mary &#038; May – Niacinamide Vitamin C Brightening Mask"}]},{"@type":"WebSite","@id":"https://guissette.com/#website","url":"https://guissette.com/","name":"Sarakule","description":"","publisher":{"@id":"https://guissette.com/#organization"},"potentialAction":[{"@type":"SearchAction","target":{"@type":"EntryPoint","urlTemplate":"https://guissette.com/?s={search_term_string}"},"query-input":{"@type":"PropertyValueSpecification","valueRequired":true,"valueName":"search_term_string"}}],"inLanguage":"fr-FR"},{"@type":"Organization","@id":"https://guissette.com/#organization","name":"Cosmetics Shop","url":"https://guissette.com/","logo":{"@type":"ImageObject","inLanguage":"fr-FR","@id":"https://guissette.com/#/schema/logo/image/","url":"https://guissette.com/wp-content/uploads/2025/12/logo-guissette.jpeg","contentUrl":"https://guissette.com/wp-content/uploads/2025/12/logo-guissette.jpeg","width":810,"height":1080,"caption":"Cosmetics Shop"},"image":{"@id":"https://guissette.com/#/schema/logo/image/"},"sameAs":["https://www.instagram.com/sarakule?igsh=MTM4OG10NmJ1bzh6ag&utm_source=qr","https://www.tiktok.com/@sarakule1"]}]}</script>
<!-- / Yoast SEO plugin. -->

Masque en tissu quotidien, anti-taches et éclat, enrichi en niacinamide et vitamine C.
